inder when 397 is divided by 6?
1
What is the remainder when 1191 is divided by 52?
47
What is the remainder when 369 is divided by 214?
155
What is the remainder when 144 is divided by 22?
12
Calculate the remainder when 853 is divided by 173.
161
What is the remainder when 1158 is divided by 28?
10
Calculate the remainder when 647 is divided by 56.
31
What is the remainder when 176 is divided by 12?
8
Calculate the remainder when 578 is divided by 117.
110
Calculate the remainder when 3581 is divided by 1193.
2
What is the remainder when 152 is divided by 26?
22
Calculate the remainder when 372 is divided by 94.
90
Calculate the remainder when 150 is divided by 69.
12
What is the remainder when 345 is divided by 54?
21
Calculate the remainder when 114 is divided by 44.
26
What is the remainder when 643 is divided by 28?
27
What is the remainder when 439 is divided by 92?
71
Calculate the remainder when 678 is divided by 34.
32
Calculate the remainder when 7517 is divided by 41.
14
What is the remainder when 74 is divided by 29?
16
Calculate the remainder when 700 is divided by 71.
61
Calculate the remainder when 134 is divided by 58.
18
What is the remainder when 194 is divided by 96?
2
What is the remainder when 986 is divided by 13?
11
What is the remainder when 229 is divided by 18?
13
Calculate the remainder when 258 is divided by 80.
18
What is the remainder when 846 is divided by 286?
274
What is the remainder when 1495 is divided by 136?
135
Calculate the remainder when 1853 is divided by 207.
197
Calculate the remainder when 200 is divided by 67.
66
Calculate the remainder when 5457 is divided by 32.
17
Calculate the remainder when 1300 is divided by 15.
10
Calculate the remainder when 72 is divided by 18.
0
Calculate the remainder when 7239 is divided by 161.
155
Calculate the remainder when 4431 is divided by 1476.
3
Calculate the remainder when 5217 is divided by 174.
171
What is the remainder when 786 is divided by 31?
11
Calculate the remainder when 32 is divided by 15.
2
What is the remainder when 1065 is divided by 12?
9
What is the remainder when 214 is divided by 5?
4
Calculate the remainder when 141 is divided by 57.
27
What is the remainder when 1262 is divided by 68?
38
Calculate the remainder when 218 is divided by 201.
17
Calculate the remainder when 212 is divided by 186.
26
Calculate the remainder when 79 is divided by 21.
16
Calculate the remainder when 328 is divided by 126.
76
What is the remainder when 302 is divided by 34?
30
Calculate the remainder when 1699 is divided by 583.
533
Calculate the remainder when 369 is divided by 51.
12
Calculate the remainder when 346 is divided by 21.
10
What is the remainder when 1014 is divided by 103?
87
Calculate the remainder when 2225 is divided by 203.
195
What is the remainder when 9273 is divided by 51?
42
Calculate the remainder when 289 is divided by 36.
1
What is the remainder when 6044 is divided by 84?
80
What is the remainder when 126 is divided by 44?
38
Calculate the remainder when 248 is divided by 244.
4
Calculate the remainder when 302 is divided by 38.
36
Calculate the remainder when 135 is divided by 63.
9
Calculate the remainder when 3180 is divided by 33.
12
What is the remainder when 165 is divided by 8?
5
Calculate the remainder when 1979 is divided by 35.
19
What is the remainder when 921 is divided by 17?
3
What is the remainder when 16053 is divided by 18?
15
What is the remainder when 154 is divided by 23?
16
What is the remainder when 762 is divided by 16?
10
What is the remainder when 1403 is divided by 174?
11
What is the remainder when 150 is divided by 53?
44
Calculate the remainder when 475 is divided by 34.
33
Calculate the remainder when 318 is divided by 91.
45
Calculate the remainder when 104 is divided by 39.
26
What is the remainder when 217 is divided by 71?
4
Calculate the remainder when 2193 is divided by 1094.
5
Calculate the remainder when 110 is divided by 13.
6
What is the remainder when 185 is divided by 34?
15
What is the remainder when 39 is divided by 3?
0
What is the remainder when 452 is divided by 28?
4
Calculate the remainder when 820 is divided by 269.
13
Calculate the remainder when 1072 is divided by 43.
40
Calculate the remainder when 668 is divided by 56.
52
Calculate the remainder when 2583 is divided by 68.
67
What is the remainder when 743 is divided by 93?
92
Calculate the remainder when 410 is divided by 38.
30
What is the remainder when 17 is divided by 11?
6
Calculate the remainder when 1800 is divided by 17.
15
What is the remainder when 18869 is divided by 30?
29
Calculate the remainder when 265 is divided by 27.
22
What is the remainder when 170 is divided by 18?
8
Calculate the remainder when 23172 is divided by 15.
12
What is the remainder when 157 is divided by 38?
5
Calculate the remainder when 529 is divided by 69.
46
Calculate the remainder when 512 is divided by 176.
160
Calculate the remainder when 1017 is divided by 109.
36
What is the remainder when 10 is divided by 4?
2
What is the remainder when 176 is divided by 118?
58
What is the remainder when 225 is divided by 101?
23
Calculate the remainder when 273 is divided by 25.
23
What is the remainder when 41 is divided by 22?
19
What is the remainder when 183 is divided by 170?
13
Calculate the remainder when 74 is divided by 71.
3
What is the remainder when 324 is divided by 41?
37
What is the remainder when 1232 is divided by 429?
374
What is the remainder when 283 is divided by 19?
17
Calculate the remainder when 97 is divided by 17.
12
What is the remainder when 67 is divided by 9?
4
What is the remainder when 411 is divided by 9?
6
What is the remainder when 45 is divided by 39?
6
Calculate the remainder when 52 is divided by 10.
2
What is the remainder when 643 is divided by 202?
37
Calculate the remainder when 106 is divided by 69.
37
Calculate the remainder when 1799 is divided by 67.
57
What is the remainder when 161 is divided by 54?
53
Calculate the remainder when 244 is divided by 14.
6
Calculate the remainder when 231 is divided by 20.
11
What is the remainder when 72 is divided by 6?
0
Calculate the remainder when 2955 is divided by 1469.
17
What is the remainder when 161 is divided by 19?
9
Calculate the remainder when 3544 is divided by 71.
65
What is the remainder when 8423 is divided by 162?
161
Calculate the remainder when 122 is divided by 32.
26
What is the remainder when 201 is divided by 108?
93
What is the remainder when 433 is divided by 31?
30
What is the remainder when 30 is divided by 17?
13
Calculate the remainder when 349 is divided by 103.
40
Calculate the remainder when 454 is divided by 224.
6
Calculate the remainder when 345 is divided by 58.
55
Calculate the remainder when 1457 is divided by 183.
176
What is the remainder when 728 is divided by 5?
3
Calculate the remainder when 73230 is divided by 79.
76
What is the remainder when 312 is divided by 65?
52
Calculate the remainder when 470 is divided by 25.
20
Calculate the remainder when 584 is divided by 20.
4
What is the remainder when 303 is divided by 61?
59
What is the remainder when 171 is divided by 7?
3
What is the remainder when 1599 is divided by 48?
15
Calculate the remainder when 2574 is divided by 49.
26
Calculate the remainder when 70 is divided by 38.
32
What is the remainder when 531 is divided by 136?
123
Calculate the remainder when 2771 is divided by 17.
0
Calculate the remainder when 18071 is divided by 31.
29
What is the remainder when 93 is divided by 9?
3
What is the remainder when 445 is divided by 35?
25
Calculate the remainder when 199 is divided by 16.
7
What is the remainder when 3303 is divided by 19?
16
Calculate the remainder when 258 is divided by 10.
8
What is the remainder when 9679 is divided by 22?
21
What is the remainder when 14 is divided by 13?
1
Calculate the remainder when 1470 is divided by 86.
8
Calculate the remainder when 12613 is divided by 20.
13
Calculate the remainder when 326 is divided by 159.
8
What is the remainder when 98 is divided by 86?
12
Calculate the remainder when 130 is divided by 29.
14
What is the remainder when 618 is divided by 20?
18
Calculate the remainder when 183 is divided by 69.
45
What is 